{"id":1527,"date":"2026-04-28T12:56:58","date_gmt":"2026-04-28T10:56:58","guid":{"rendered":"https:\/\/www.pampa-auvergne.fr\/?post_type=tribe_events&#038;p=1527"},"modified":"2026-04-28T12:56:58","modified_gmt":"2026-04-28T10:56:58","slug":"animation-reemploi-6","status":"publish","type":"tribe_events","link":"https:\/\/www.pampa-auvergne.fr\/?tribe_events=animation-reemploi-6","title":{"rendered":"Animation r\u00e9emploi"},"content":{"rendered":"<p>Comment fonctionne le r\u00e9emploi ? Comment reconnaitre un contenant r\u00e9employable ? Comment sont lav\u00e9es les bouteilles ? Quel est l&rsquo;int\u00e9r\u00eat du r\u00e9emploi ?<\/p>\n<p>Dans le cadre du programme <strong>En Route Pour le R\u00e9emploi port\u00e9 par l&rsquo;\u00e9co-organisme LEKO<\/strong>, retrouvez l&rsquo;\u00e9quipe de Pampa Consigne et venez \u00e9changer sur le r\u00e9emploi et le retour de la consigne, directement en magasin.<\/p>\n<p><em>Animation gratuite et sans inscription.\u00a0<\/em><\/p>\n","protected":false},"excerpt":{"rendered":"<p>Comment fonctionne le r\u00e9emploi ? Comment reconnaitre un contenant r\u00e9employable ? Comment sont lav\u00e9es les bouteilles ? Quel est l&rsquo;int\u00e9r\u00eat du r\u00e9emploi ? Dans le cadre du programme En Route&#8230;<\/p>\n","protected":false},"author":1,"featured_media":0,"template":"","meta":{"_monsterinsights_skip_tracking":false,"_monsterinsights_sitenote_active":false,"_monsterinsights_sitenote_note":"","_monsterinsights_sitenote_category":0,"_tribe_events_status":"","_tribe_events_status_reason":"","footnotes":""},"tags":[],"tribe_events_cat":[],"class_list":["post-1527","tribe_events","type-tribe_events","status-publish"],"yoast_head":"<!-- This site is optimized with the Yoast SEO plugin v27.5 - https:\/\/yoast.com\/product\/yoast-seo-wordpress\/ -->\n<title>Animation r\u00e9emploi - Pampa Consigne<\/title>\n<meta name=\"description\" content=\"Venez d\u00e9couvrir le r\u00e9emploi lors d&#039;animation en magasin, un dispositif port\u00e9 par le programme En Route Pour le R\u00e9emploi de LEKO.\" \/>\n<meta name=\"robots\" content=\"index, follow, max-snippet:-1, max-image-preview:large, max-video-preview:-1\" \/>\n<link rel=\"canonical\" href=\"https:\/\/www.pampa-auvergne.fr\/?tribe_events=animation-reemploi-6\" \/>\n<meta property=\"og:locale\" content=\"fr_FR\" \/>\n<meta property=\"og:type\" content=\"article\" \/>\n<meta property=\"og:title\" content=\"Animation r\u00e9emploi - Pampa Consigne\" \/>\n<meta property=\"og:description\" content=\"Venez d\u00e9couvrir le r\u00e9emploi lors d&#039;animation en magasin, un dispositif port\u00e9 par le programme En Route Pour le R\u00e9emploi de LEKO.\" \/>\n<meta property=\"og:url\" content=\"https:\/\/www.pampa-auvergne.fr\/?tribe_events=animation-reemploi-6\" \/>\n<meta property=\"og:site_name\" content=\"Pampa Consigne\" \/>\n<meta property=\"article:publisher\" content=\"https:\/\/www.facebook.com\/pampaauvergne\" \/>\n<meta property=\"og:image\" content=\"https:\/\/www.pampa-auvergne.fr\/wp-content\/uploads\/2023\/11\/cropped-Capture-decran-2023-11-28-a-18.23.53.png\" \/>\n\t<meta property=\"og:image:width\" content=\"512\" \/>\n\t<meta property=\"og:image:height\" content=\"512\" \/>\n\t<meta property=\"og:image:type\" content=\"image\/png\" \/>\n<meta name=\"twitter:card\" content=\"summary_large_image\" \/>\n<meta name=\"twitter:label1\" content=\"Dur\u00e9e de lecture estim\u00e9e\" \/>\n\t<meta name=\"twitter:data1\" content=\"1 minute\" \/>\n<script type=\"application\/ld+json\" class=\"yoast-schema-graph\">{\"@context\":\"https:\\\/\\\/schema.org\",\"@graph\":[{\"@type\":\"WebPage\",\"@id\":\"https:\\\/\\\/www.pampa-auvergne.fr\\\/?tribe_events=animation-reemploi-6\",\"url\":\"https:\\\/\\\/www.pampa-auvergne.fr\\\/?tribe_events=animation-reemploi-6\",\"name\":\"Animation r\u00e9emploi - Pampa Consigne\",\"isPartOf\":{\"@id\":\"https:\\\/\\\/www.pampa-auvergne.fr\\\/#website\"},\"datePublished\":\"2026-04-28T10:56:58+00:00\",\"description\":\"Venez d\u00e9couvrir le r\u00e9emploi lors d'animation en magasin, un dispositif port\u00e9 par le programme En Route Pour le R\u00e9emploi de LEKO.\",\"breadcrumb\":{\"@id\":\"https:\\\/\\\/www.pampa-auvergne.fr\\\/?tribe_events=animation-reemploi-6#breadcrumb\"},\"inLanguage\":\"fr-FR\",\"potentialAction\":[{\"@type\":\"ReadAction\",\"target\":[\"https:\\\/\\\/www.pampa-auvergne.fr\\\/?tribe_events=animation-reemploi-6\"]}]},{\"@type\":\"BreadcrumbList\",\"@id\":\"https:\\\/\\\/www.pampa-auvergne.fr\\\/?tribe_events=animation-reemploi-6#breadcrumb\",\"itemListElement\":[{\"@type\":\"ListItem\",\"position\":1,\"name\":\"Accueil\",\"item\":\"https:\\\/\\\/www.pampa-auvergne.fr\\\/\"},{\"@type\":\"ListItem\",\"position\":2,\"name\":\"\u00c9v\u00e8nements\",\"item\":\"https:\\\/\\\/www.pampa-auvergne.fr\\\/?post_type=tribe_events\"},{\"@type\":\"ListItem\",\"position\":3,\"name\":\"Animation r\u00e9emploi\"}]},{\"@type\":\"WebSite\",\"@id\":\"https:\\\/\\\/www.pampa-auvergne.fr\\\/#website\",\"url\":\"https:\\\/\\\/www.pampa-auvergne.fr\\\/\",\"name\":\"Pampa Consigne\",\"description\":\"POUR le retour de la consigne en Auvergne\",\"publisher\":{\"@id\":\"https:\\\/\\\/www.pampa-auvergne.fr\\\/#organization\"},\"alternateName\":\"Pampa\",\"potentialAction\":[{\"@type\":\"SearchAction\",\"target\":{\"@type\":\"EntryPoint\",\"urlTemplate\":\"https:\\\/\\\/www.pampa-auvergne.fr\\\/?s={search_term_string}\"},\"query-input\":{\"@type\":\"PropertyValueSpecification\",\"valueRequired\":true,\"valueName\":\"search_term_string\"}}],\"inLanguage\":\"fr-FR\"},{\"@type\":\"Organization\",\"@id\":\"https:\\\/\\\/www.pampa-auvergne.fr\\\/#organization\",\"name\":\"Pampa Consigne\",\"url\":\"https:\\\/\\\/www.pampa-auvergne.fr\\\/\",\"logo\":{\"@type\":\"ImageObject\",\"inLanguage\":\"fr-FR\",\"@id\":\"https:\\\/\\\/www.pampa-auvergne.fr\\\/#\\\/schema\\\/logo\\\/image\\\/\",\"url\":\"https:\\\/\\\/www.pampa-auvergne.fr\\\/wp-content\\\/uploads\\\/2023\\\/11\\\/cropped-Capture-decran-2023-11-28-a-18.23.53.png\",\"contentUrl\":\"https:\\\/\\\/www.pampa-auvergne.fr\\\/wp-content\\\/uploads\\\/2023\\\/11\\\/cropped-Capture-decran-2023-11-28-a-18.23.53.png\",\"width\":512,\"height\":512,\"caption\":\"Pampa Consigne\"},\"image\":{\"@id\":\"https:\\\/\\\/www.pampa-auvergne.fr\\\/#\\\/schema\\\/logo\\\/image\\\/\"},\"sameAs\":[\"https:\\\/\\\/www.facebook.com\\\/pampaauvergne\"]}]}<\/script>\n<!-- \/ Yoast SEO plugin. -->","yoast_head_json":{"title":"Animation r\u00e9emploi - Pampa Consigne","description":"Venez d\u00e9couvrir le r\u00e9emploi lors d'animation en magasin, un dispositif port\u00e9 par le programme En Route Pour le R\u00e9emploi de LEKO.","robots":{"index":"index","follow":"follow","max-snippet":"max-snippet:-1","max-image-preview":"max-image-preview:large","max-video-preview":"max-video-preview:-1"},"canonical":"https:\/\/www.pampa-auvergne.fr\/?tribe_events=animation-reemploi-6","og_locale":"fr_FR","og_type":"article","og_title":"Animation r\u00e9emploi - Pampa Consigne","og_description":"Venez d\u00e9couvrir le r\u00e9emploi lors d'animation en magasin, un dispositif port\u00e9 par le programme En Route Pour le R\u00e9emploi de LEKO.","og_url":"https:\/\/www.pampa-auvergne.fr\/?tribe_events=animation-reemploi-6","og_site_name":"Pampa Consigne","article_publisher":"https:\/\/www.facebook.com\/pampaauvergne","og_image":[{"width":512,"height":512,"url":"https:\/\/www.pampa-auvergne.fr\/wp-content\/uploads\/2023\/11\/cropped-Capture-decran-2023-11-28-a-18.23.53.png","type":"image\/png"}],"twitter_card":"summary_large_image","twitter_misc":{"Dur\u00e9e de lecture estim\u00e9e":"1 minute"},"schema":{"@context":"https:\/\/schema.org","@graph":[{"@type":"WebPage","@id":"https:\/\/www.pampa-auvergne.fr\/?tribe_events=animation-reemploi-6","url":"https:\/\/www.pampa-auvergne.fr\/?tribe_events=animation-reemploi-6","name":"Animation r\u00e9emploi - Pampa Consigne","isPartOf":{"@id":"https:\/\/www.pampa-auvergne.fr\/#website"},"datePublished":"2026-04-28T10:56:58+00:00","description":"Venez d\u00e9couvrir le r\u00e9emploi lors d'animation en magasin, un dispositif port\u00e9 par le programme En Route Pour le R\u00e9emploi de LEKO.","breadcrumb":{"@id":"https:\/\/www.pampa-auvergne.fr\/?tribe_events=animation-reemploi-6#breadcrumb"},"inLanguage":"fr-FR","potentialAction":[{"@type":"ReadAction","target":["https:\/\/www.pampa-auvergne.fr\/?tribe_events=animation-reemploi-6"]}]},{"@type":"BreadcrumbList","@id":"https:\/\/www.pampa-auvergne.fr\/?tribe_events=animation-reemploi-6#breadcrumb","itemListElement":[{"@type":"ListItem","position":1,"name":"Accueil","item":"https:\/\/www.pampa-auvergne.fr\/"},{"@type":"ListItem","position":2,"name":"\u00c9v\u00e8nements","item":"https:\/\/www.pampa-auvergne.fr\/?post_type=tribe_events"},{"@type":"ListItem","position":3,"name":"Animation r\u00e9emploi"}]},{"@type":"WebSite","@id":"https:\/\/www.pampa-auvergne.fr\/#website","url":"https:\/\/www.pampa-auvergne.fr\/","name":"Pampa Consigne","description":"POUR le retour de la consigne en Auvergne","publisher":{"@id":"https:\/\/www.pampa-auvergne.fr\/#organization"},"alternateName":"Pampa","potentialAction":[{"@type":"SearchAction","target":{"@type":"EntryPoint","urlTemplate":"https:\/\/www.pampa-auvergne.fr\/?s={search_term_string}"},"query-input":{"@type":"PropertyValueSpecification","valueRequired":true,"valueName":"search_term_string"}}],"inLanguage":"fr-FR"},{"@type":"Organization","@id":"https:\/\/www.pampa-auvergne.fr\/#organization","name":"Pampa Consigne","url":"https:\/\/www.pampa-auvergne.fr\/","logo":{"@type":"ImageObject","inLanguage":"fr-FR","@id":"https:\/\/www.pampa-auvergne.fr\/#\/schema\/logo\/image\/","url":"https:\/\/www.pampa-auvergne.fr\/wp-content\/uploads\/2023\/11\/cropped-Capture-decran-2023-11-28-a-18.23.53.png","contentUrl":"https:\/\/www.pampa-auvergne.fr\/wp-content\/uploads\/2023\/11\/cropped-Capture-decran-2023-11-28-a-18.23.53.png","width":512,"height":512,"caption":"Pampa Consigne"},"image":{"@id":"https:\/\/www.pampa-auvergne.fr\/#\/schema\/logo\/image\/"},"sameAs":["https:\/\/www.facebook.com\/pampaauvergne"]}]}},"_links":{"self":[{"href":"https:\/\/www.pampa-auvergne.fr\/index.php?rest_route=\/wp\/v2\/tribe_events\/1527","targetHints":{"allow":["GET"]}}],"collection":[{"href":"https:\/\/www.pampa-auvergne.fr\/index.php?rest_route=\/wp\/v2\/tribe_events"}],"about":[{"href":"https:\/\/www.pampa-auvergne.fr\/index.php?rest_route=\/wp\/v2\/types\/tribe_events"}],"author":[{"embeddable":true,"href":"https:\/\/www.pampa-auvergne.fr\/index.php?rest_route=\/wp\/v2\/users\/1"}],"version-history":[{"count":1,"href":"https:\/\/www.pampa-auvergne.fr\/index.php?rest_route=\/wp\/v2\/tribe_events\/1527\/revisions"}],"predecessor-version":[{"id":1529,"href":"https:\/\/www.pampa-auvergne.fr\/index.php?rest_route=\/wp\/v2\/tribe_events\/1527\/revisions\/1529"}],"wp:attachment":[{"href":"https:\/\/www.pampa-auvergne.fr\/index.php?rest_route=%2Fwp%2Fv2%2Fmedia&parent=1527"}],"wp:term":[{"taxonomy":"post_tag","embeddable":true,"href":"https:\/\/www.pampa-auvergne.fr\/index.php?rest_route=%2Fwp%2Fv2%2Ftags&post=1527"},{"taxonomy":"tribe_events_cat","embeddable":true,"href":"https:\/\/www.pampa-auvergne.fr\/index.php?rest_route=%2Fwp%2Fv2%2Ftribe_events_cat&post=1527"}],"curies":[{"name":"wp","href":"https:\/\/api.w.org\/{rel}","templated":true}]}}

Animation réemploi

<p>Comment fonctionne le réemploi ? Comment reconnaitre un contenant réemployable ? Comment sont lavées les bouteilles ? Quel est l&rsquo;intérêt du réemploi ?</p>
<p>Dans le cadre du programme <strong>En Route Pour le Réemploi porté par l&rsquo;éco-organisme LEKO</strong>, retrouvez l&rsquo;équipe de Pampa Consigne et venez échanger sur le réemploi et le retour de la consigne, directement en magasin.</p>
<p><em>Animation gratuite et sans inscription. </em></p>

<p>Comment fonctionne le réemploi ? Comment reconnaitre un contenant réemployable ? Comment sont lavées les bouteilles ? Quel est l&rsquo;intérêt du réemploi ? Dans le cadre du programme En Route&#8230;</p>

<!-- This site is optimized with the Yoast SEO plugin v27.5 - https://yoast.com/product/yoast-seo-wordpress/ -->
<title>Animation réemploi - Pampa Consigne</title>
<meta name="description" content="Venez découvrir le réemploi lors d&#039;animation en magasin, un dispositif porté par le programme En Route Pour le Réemploi de LEKO." />
<meta name="robots" content="index, follow, max-snippet:-1, max-image-preview:large, max-video-preview:-1" />
<link rel="canonical" href="https://www.pampa-auvergne.fr/?tribe_events=animation-reemploi-6" />
<meta property="og:locale" content="fr_FR" />
<meta property="og:type" content="article" />
<meta property="og:title" content="Animation réemploi - Pampa Consigne" />
<meta property="og:description" content="Venez découvrir le réemploi lors d&#039;animation en magasin, un dispositif porté par le programme En Route Pour le Réemploi de LEKO." />
<meta property="og:url" content="https://www.pampa-auvergne.fr/?tribe_events=animation-reemploi-6" />
<meta property="og:site_name" content="Pampa Consigne" />
<meta property="article:publisher" content="https://www.facebook.com/pampaauvergne" />
<meta property="og:image" content="https://www.pampa-auvergne.fr/wp-content/uploads/2023/11/cropped-Capture-decran-2023-11-28-a-18.23.53.png" />
	<meta property="og:image:width" content="512" />
	<meta property="og:image:height" content="512" />
	<meta property="og:image:type" content="image/png" />
<meta name="twitter:card" content="summary_large_image" />
<meta name="twitter:label1" content="Durée de lecture estimée" />
	<meta name="twitter:data1" content="1 minute" />
<script type="application/ld+json" class="yoast-schema-graph">{"@context":"https:\/\/schema.org","@graph":[{"@type":"WebPage","@id":"https:\/\/www.pampa-auvergne.fr\/?tribe_events=animation-reemploi-6","url":"https:\/\/www.pampa-auvergne.fr\/?tribe_events=animation-reemploi-6","name":"Animation réemploi - Pampa Consigne","isPartOf":{"@id":"https:\/\/www.pampa-auvergne.fr\/#website"},"datePublished":"2026-04-28T10:56:58+00:00","description":"Venez découvrir le réemploi lors d'animation en magasin, un dispositif porté par le programme En Route Pour le Réemploi de LEKO.","breadcrumb":{"@id":"https:\/\/www.pampa-auvergne.fr\/?tribe_events=animation-reemploi-6#breadcrumb"},"inLanguage":"fr-FR","potentialAction":[{"@type":"ReadAction","target":["https:\/\/www.pampa-auvergne.fr\/?tribe_events=animation-reemploi-6"]}]},{"@type":"BreadcrumbList","@id":"https:\/\/www.pampa-auvergne.fr\/?tribe_events=animation-reemploi-6#breadcrumb","itemListElement":[{"@type":"ListItem","position":1,"name":"Accueil","item":"https:\/\/www.pampa-auvergne.fr\/"},{"@type":"ListItem","position":2,"name":"Évènements","item":"https:\/\/www.pampa-auvergne.fr\/?post_type=tribe_events"},{"@type":"ListItem","position":3,"name":"Animation réemploi"}]},{"@type":"WebSite","@id":"https:\/\/www.pampa-auvergne.fr\/#website","url":"https:\/\/www.pampa-auvergne.fr\/","name":"Pampa Consigne","description":"POUR le retour de la consigne en Auvergne","publisher":{"@id":"https:\/\/www.pampa-auvergne.fr\/#organization"},"alternateName":"Pampa","potentialAction":[{"@type":"SearchAction","target":{"@type":"EntryPoint","urlTemplate":"https:\/\/www.pampa-auvergne.fr\/?s={search_term_string}"},"query-input":{"@type":"PropertyValueSpecification","valueRequired":true,"valueName":"search_term_string"}}],"inLanguage":"fr-FR"},{"@type":"Organization","@id":"https:\/\/www.pampa-auvergne.fr\/#organization","name":"Pampa Consigne","url":"https:\/\/www.pampa-auvergne.fr\/","logo":{"@type":"ImageObject","inLanguage":"fr-FR","@id":"https:\/\/www.pampa-auvergne.fr\/#\/schema\/logo\/image\/","url":"https:\/\/www.pampa-auvergne.fr\/wp-content\/uploads\/2023\/11\/cropped-Capture-decran-2023-11-28-a-18.23.53.png","contentUrl":"https:\/\/www.pampa-auvergne.fr\/wp-content\/uploads\/2023\/11\/cropped-Capture-decran-2023-11-28-a-18.23.53.png","width":512,"height":512,"caption":"Pampa Consigne"},"image":{"@id":"https:\/\/www.pampa-auvergne.fr\/#\/schema\/logo\/image\/"},"sameAs":["https:\/\/www.facebook.com\/pampaauvergne"]}]}</script>
<!-- / Yoast SEO plugin. -->

Animation réemploi - Pampa Consigne

Venez découvrir le réemploi lors d'animation en magasin, un dispositif porté par le programme En Route Pour le Réemploi de LEKO.

Évènements
